13210123102
What is -accb59 (base 14) in base 10?
-5874395
Convert 324521542 (base 6) to base 13.
1290491
Convert -283858 (base 12) to base 15.
-d378b
Convert -10111100011011010 (base 2) to base 15.
-1d8b9
10100101111001011 (base 2) to base 8
245713
What is -2331220230 (base 4) in base 8?
-2755054
What is 300077 (base 11) in base 16?
75fa5
What is 110010120 (base 7) in base 13?
1499bb3
Convert -115120 (base 7) to base 2.
-101000111111010
-202311412 (base 5) to base 14
-175b88
What is 23927 (base 13) in base 12?
3192b
Convert 102110123 (base 5) to base 8.
1477277
Convert -4303013 (base 5) to base 8.
-215102
Convert b12631 (base 14) to base 4.
112233113203
Convert -30838 (base 9) to base 14.
-75ca
What is -22043224 (base 5) in base 4?
-232133213
What is 18757 (base 12) in base 10?
35635
What is 101000011001010111 (base 2) in base 7?
1256254
What is -702033 (base 8) in base 7?
-1646541
What is 355011224 (base 6) in base 11?
3848915
What is -30044433 (base 5) in base 16?
-39fb5
What is -11211222210110 (base 3) in base 16?
-275793
1533007 (base 11) to base 3
11221100110120
Convert 110001011101110010000 (base 2) to base 11.
a07878
Convert 6043a4 (base 11) to base 8.
3552513
What is 22001121120 (base 4) in base 15?
36d640
Convert -23424044 (base 5) to base 3.
-102001012211
Convert -23b6c (base 13) to base 16.
-1007e
Convert 667410a (base 11) to base 4.
230221110332
Convert 840da (base 15) to base 5.
101344310
Convert -101011100100011011 (base 2) to base 12.
-87337
-1000102020110 (base 3) to base 15
-a9d59
What is -1224034 (base 5) in base 14?
-888c
-103250 (base 7) to base 8
-43061
Convert -2555241 (base 6) to base 16.
-22249
208211a (base 12) to base 4
113123120212
What is -11414442 (base 7) in base 11?
-631711
100101010110010 (base 2) to base 3
222020020
140278 (base 13) to base 12
1b529a
What is 156da (base 16) in base 3?
11110101202
1105531 (base 6) to base 16
d99f
What is -997234 (base 11) in base 6?
-54032532
-159138 (base 13) to base 15
-a83ac
Convert 1120321121 (base 4) to base 14.
969a9
What is -c13c1 (base 13) in base 3?
-122120001202
What is 21335330 (base 6) in base 12?
267546
-12000321203 (base 4) to base 15
-2121d2
27725 (base 9) to base 8
44577
What is 111100010111010001 (base 2) in base 12?
bb101
What is -2306410 (base 7) in base 9?
-478027
376383 (base 10) to base 14
9b247
Convert 167269 (base 12) to base 7.
3164346
4077217 (base 9) to base 12
88b9a4
Convert -544067 (base 8) to base 10.
-182327
Convert 21566a (base 12) to base 11.
330758
11102201112 (base 3) to base 5
10243103
201131013031 (base 4) to base 5
4221114442
Convert -10143 (base 6) to base 2.
-10101001111
What is 333322000 (base 4) in base 8?
777200
-523de (base 15) to base 5
-31321014
Convert 1149322 (base 10) to base 11.
715559
-15bb23b (base 13) to base 4
-122302112300
What is 7966621 (base 10) in base 12?
2802391
What is -415320102 (base 6) in base 4?
-123223320212
-118a98b (base 14) to base 7
-131301334
-31441030 (base 5) to base 8
-1005664
2b3303 (base 12) to base 16
b28f3
What is -25522231 (base 6) in base 16?
-cbe4b
Convert 3b810 (base 12) to base 14.
22044
What is 623421 (base 9) in base 10?
369946
Convert 24201d (base 14) to base 2.
100101101011110001011
Convert -746712 (base 9) to base 12.
-19530b
Convert 1a3dd (base 16) to base 7.
625240
-3101320232 (base 4) to base 11
-5379a0
10653144 (base 7) to base 2
11100100111000011100
Convert 16c87ca (base 13) to base 8.
34224640
11c5b24 (base 13) to base 16
54be2c
Convert 1211110200221 (base 3) to base 13.
281290
-1206a7 (base 14) to base 9
-1137861
Convert 11333024 (base 5) to base 4.
121232231
What is 78b09 (base 15) in base 9?
644500
What is -1344312 (base 5) in base 12?
-14302
-51249a (base 13) to base 14
-372bdd
10022200110 (base 3) to base 11
45136
Convert 1a70 (base 12) to base 15.
e6c
What is -3970b7 (base 12) in base 16?
-e6ccb
What is 1111101000101001011111 (base 2) in base 14?
789971
16345650 (base 8) to base 15
4ec428
22201313 (base 4) to base 11
2a447
What is 2661216 (base 7) in base 5?
42213000
162134 (base 10) to base 2
100111100101010110
Convert 94552 (base 16) to base 6.
21004454
323032431 (base 5) to base 2
101010000001111011001
Convert -248833 (base 9) to base 15.
-2ea6c
-6580599 (base 12) to base 8
-111563505
-111161 (base 10) to base 15
-22e0b
Convert -12104112 (base 5) to base 13.
-3c5aa
1220220330 (base 4) to base 2
1101000101000111100
-1273428 (base 9) to base 14
-142535
What is 10000110001001010001 (base 2) in base 4?
2012021101
Convert -597527a (base 11) to base 16.
-9ef25f
Convert -16668 (base 13) to base 6.
-530203
What is 15224034 (base 6) in base 11?
333980
Convert -13122120 (base 5) to base 10.
-129660
Convert -1732472 (base 8) to base 4.
-1323110322
What is -c38b7 (base 15) in base 2?
-10010111010001001101
What is f2b98 (base 16) in base 10?
994200
What is -50664026 (base 7) in base 5?
-2040444410
What is -90b77 (base 12) in base 10?
-188299
Convert 820212 (base 10) to base 7.
6654201
Convert 24a110 (base 11) to base 4.
1200031330
Convert 47704 (base 10) to base 11.
32928
-1000101011110100000 (base 2) to base 3
-112110100212
What is -85365 (base 10) in base 4?
-110311311
261 (base 16) to base 8
1141
Convert -807182 (base 9) to base 11.
-2a6958
Convert 1430313430 (base 5) to base 10.
3760490
Convert 120113414 (base 5) to base 11.
347069
What is -1101110011100101110 (base 2) in base 8?
-1563456
What is -37277 (base 13) in base 4?
-120301322
400454421 (base 6) to base 12
231a411
Convert 211a36 (base 12) to base 16.
7f58a
255407 (base 15) to base 14
3482c9
What is 3042100 (base 6) in base 3?
21101202100
What is 2d3ed (base 15) in base 2?
100011101001100111
Convert -127693 (base 10) to base 14.
-3476d
What is 311313430 (base 5) in base 7?
13563311
What is -102315032 (base 6) in base 10?
-1798652
What is 3c9bb9 (base 15) in base 3?
12111021122010
Convert 354ca (base 16) to base 7.
1566325
Convert -31552420 (base 8) to base 15.
-8d1c11
-cb438b (base 13) to base 10
-4779097
What is -14b628 (base 13) in base 12?
-2076a8
Convert -212323112 (base 4) to base 8.
-467326
Convert 111011100101110100 (base 2) to base 7.
2034421
5d38 (base 14) to base 12
953a
What is 264ab4 (base 13) in base 11?
581715
-188725 (base 10) to base 6
-4013421
What is 2460226 (base 7) in base 13?
b1406
102122121211 (base 3) to base 9
378554
29ba09 (base 15) to base 4
13223220333
Convert -2400242 (base 7) to base 10.
-302654
What is -2231031 (base 4) in base 13?
-5079
6433143 (base 7) to base 6
24425430
b98b9 (base 13) to base 16
51e58
Convert 22b601 (base 14) to base 11.
73948a
Convert -352011 (base 7) to base 13.
-22965
-11011110001011111 (base 2) to base 4
-123301133
Convert -4412124102 (base 5) to base 11.
-53a1486
What is -561310 (base 7) in base 11?
-68374
Convert -50214753 (base 8) to base 3.
-201212101202111
Convert -121001231 (base 4) to base 2.
-11001000001101101
Convert 2321250 (base 6) to base 9.
201883
Convert 125042 (base 14) to base 6.
21245230
Convert 1374313 (base 8) to base 5.
100010441
Convert -12336454 (base 10) to base 4.
-233003311012
-d9d484 (base 14) to base 12
-2577464
21101000211 (base 3) to base 7
1143004
Convert 402990 (base 13) to base 3.
2210202112210
25502301 (base 7) to base 5
1043221300
101113210 (base 4) to base 9
117524
Convert 43542131 (base 6) to base 7.
14041342
Convert -309591 (base 11) to base 16.
-790dd
Convert -16d68d (base 16) to base 13.
-405341
-3737753 (base 8) to base 16
-fbfeb
What is 10303306 (base 7) in base 15?
124481
Convert 35521124 (base 6) to base 16.
1102cc
What is -110100001000111011101 (base 2) in base 9?
-3183563
What is 1994273 (base 10) in base 4?
13212320201
-1134000 (base 6) to base 14
-177d6
Convert -47607446 (base 8) to base 12.
-35a8572
Convert -148b08 (base 12) to base 5.
-42102232
What is -554395 (base 14) in base 10?
-2892895
21022023 (base 5) to base 12
84410
Convert -4ba2ae (base 16) to base 11.
-2886174
Convert 121232110123 (base 4) to base 3.
110200121002201
-22400004 (base 5) to base 3
-101011100120
-26325 (base 8) to base 6
-125045
Convert -338a590 (base 11) to base 8.
-26474022
Convert 2521612 (base 7) to base 6.
10543341
What is -110011111001100110111011 (base 2) in base 12?
-4681537
Convert -346947 (base 10) to base 12.
-148943
What is -57ff90 (ba